se 14) to base 6.
-41022203
-62765 (base 14) to base 9
-401637
Convert 1744675 (base 10) to base 15.
246e1a
2670232 (base 8) to base 6
24022534
-3c5d03 (base 15) to base 2
-1011000101010101010100
Convert -32134250 (base 6) to base 11.
-596613
What is 24252322 (base 6) in base 16?
bbc3a
-11000010001011000000 (base 2) to base 12
-324314
Convert -64664135 (base 8) to base 12.
-47819b9
What is 20110000002 (base 3) in base 2?
11110111110000000
What is -668583 (base 10) in base 8?
-2431647
What is 10def7 (base 16) in base 9?
2064605
Convert -6427 (base 10) to base 12.
-3877
-210352 (base 8) to base 13
-25a54
What is 4993491 (base 10) in base 9?
10350703
What is 1445b (base 14) in base 7?
266344
Convert -4342320 (base 5) to base 10.
-74710
505542055 (base 6) to base 9
17283068
What is 38a4a (base 14) in base 5?
13423401
Convert 1225106 (base 11) to base 5.
1021122402
What is -5b3c5 (base 13) in base 10?
-167640
What is -355919a (base 12) in base 6?
-1005121114
3a97979 (base 11) to base 13
1605b34
Convert 11110010000110001110111 (base 2) to base 13.
1849b15
What is -1512011 (base 6) in base 7?
-512302
Convert -153500501 (base 7) to base 14.
-1528ba8
What is 111001001100101 (base 2) in base 8?
71145
Convert -2663b07 (base 12) to base 9.
-15256857
9a8b9 (base 14) to base 7
3121022
341151 (base 6) to base 13
10150
Convert e8f6 (base 16) to base 7.
335605
Convert -c0a4b2 (base 13) to base 14.
-848071
87a03 (base 12) to base 11
112896
213223014 (base 5) to base 14
19b1d4
29179b (base 13) to base 9
1788043
Convert 100312202312 (base 4) to base 14.
82dd54
-32904 (base 13) to base 16
-165d2
-fcb181 (base 16) to base 4
-333023012001
Convert -140481 (base 11) to base 16.
-35c1c
What is 10003031232 (base 4) in base 9?
1887383
Convert 2354033 (base 6) to base 2.
11110010001100101
Convert 2550535 (base 6) to base 15.
2b235
What is 33988 (base 13) in base 8?
267323
What is 3033224 (base 5) in base 10?
49189
Convert 736255 (base 8) to base 6.
5125501
What is -2424365 (base 9) in base 3?
-2110211102012
What is -25634 (base 15) in base 2?
-11101001011100100
What is -133310323101 (base 4) in base 16?
-7f4ed1
What is -3536131 (base 9) in base 11?
-10978a9
da92f (base 16) to base 6
31104451
What is -2025681 (base 10) in base 9?
-3726636
What is 654620 (base 7) in base 8?
337537
-1330405 (base 6) to base 8
-220445
Convert -201102210 (base 4) to base 16.
-214a4
Convert 1102331 (base 5) to base 4.
10222103
Convert 11100100101110100010000 (base 2) to base 14.
dd1560
What is -310021102 (base 4) in base 10?
-213586
Convert 13101033 (base 4) to base 6.
345503
Convert -bb8c (base 15) to base 4.
-21230310
670064 (base 11) to base 9
2008175
What is -11100000011011100 (base 2) in base 5?
-12134113
-2c245 (base 14) to base 9
-177158
Convert 112011132113 (base 4) to base 12.
1b3255b
363742 (base 8) to base 9
210285
Convert 212202001020 (base 3) to base 9.
782036
What is 1274102 (base 8) in base 13?
c7214
What is 201002 (base 3) in base 6?
2215
11100001111000011000 (base 2) to base 14
1a1264
What is -1134200004 (base 5) in base 16?
-28635f
Convert -1005720 (base 9) to base 2.
-10000010110001110111
What is -16002547 (base 8) in base 15?
-4c7c4e
-583 (base 9) to base 10
-480
11001100001101100000 (base 2) to base 11
521488
17151656 (base 8) to base 5
2010030400
Convert -2241404024 (base 5) to base 2.
-10011001011101100011111
What is -1046327 (base 9) in base 11?
-354537
Convert -a6a906 (base 12) to base 5.
-1133200233
Convert -804041 (base 14) to base 16.
-41d219
-450528 (base 13) to base 14
-30586c
Convert 12556231 (base 8) to base 11.
1649483
What is -121212101020 (base 3) in base 13?
-b8143
Convert 463ad (base 14) to base 4.
221231311
What is 203300003 (base 4) in base 15?
2d5c5
What is -153132 (base 13) in base 10?
-520899
Convert 11ca9 (base 16) to base 9.
120860
What is 44313010 (base 6) in base 5?
320103041
Convert 214845 (base 9) to base 6.
2425452
Convert -17036157 (base 9) to base 12.
-2a328ba
8d8154 (base 14) to base 12
1747966
What is 1343200 (base 5) in base 10?
27925
What is -121311130102 (base 4) in base 14?
-c8417c
Convert -30232332103 (base 4) to base 10.
-3338131
1214133 (base 7) to base 12
75919
What is -19545 (base 16) in base 2?
-11001010101000101
What is 257924 (base 13) in base 9?
1624668
What is 1020230212310 (base 4) in base 15?
1a1681b
What is -507550 (base 8) in base 9?
-275136
What is 155835 (base 12) in base 6?
11433305
What is 172571 (base 8) in base 14?
18c89
Convert -17161560 (base 9) to base 4.
-200310100203
Convert 100102201020 (base 3) to base 12.
8b559
What is 24f7 (base 16) in base 14?
363d
Convert -124147 (base 10) to base 16.
-1e4f3
Convert 2111312333 (base 4) to base 2.
10010101110110111111
-21241332 (base 6) to base 16
-99398
-3022746 (base 10) to base 4
-23201332122
Convert 3076767 (base 8) to base 3.
1112121000110
Convert 52283 (base 14) to base 8.
602673
Convert 11211101101 (base 3) to base 15.
1d26a
Convert -22225a0 (base 11) to base 15.
-51eddd
-a6546 (base 14) to base 2
-1100010000100000010
133002002 (base 4) to base 16
1f082
-13bab08 (base 12) to base 10
-3979448
79709 (base 10) to base 6
1413005
101333023 (base 4) to base 16
11fcb
Convert 160079 (base 10) to base 8.
470517
-222155 (base 8) to base 2
-10010010001101101
Convert 361126 (base 8) to base 15.
268bd
Convert 44c99 (base 16) to base 14.
74973
What is 212430455 (base 6) in base 14?
70109d
Convert 103200200120 (base 4) to base 5.
2302121010
-432230041 (base 5) to base 3
-10110021220001
What is 4dd9e (base 16) in base 15?
64738
What is 122413530 (base 6) in base 16?
241a5e
880769 (base 11) to base 9
2573261
191a95 (base 12) to base 15
89ee2
Convert 85b50 (base 16) to base 10.
547664
1467509 (base 10) to base 5
333430014
Convert 6d998 (base 14) to base 13.
95026
Convert -23526 (base 12) to base 3.
-2102000210
Convert -20aac (base 16) to base 2.
-100000101010101100
What is 520034202 (base 6) in base 7?
136116356
What is 8c2534 (base 15) in base 3?
110120220112111
Convert -181524 (base 9) to base 12.
-55271
What is 10111130032 (base 4) in base 12?
46977a
Convert -20332320100 (base 4) to base 2.
-1000111110111000010000
Convert -437939a (base 11) to base 9.
-15411830
Convert -bfb29 (base 16) to base 14.
-166213
What is 8a95 (base 16) in base 4?
20222111
a91464 (base 13) to base 16
3c9f46
Convert a4d1a3 (base 14) to base 7.
65216663
What is 376025 (base 8) in base 16?
1fc15
What is 145bce (base 16) in base 6?
44332542
What is -14110102 (base 9) in base 15?
-92b76b
What is 345645 (base 7) in base 16?
f273
What is -18a8126 (base 11) in base 14?
-5da624
Convert -265ca (base 13) to base 11.
-49642
What is 3797c (base 16) in base 4?
313211330
110101001110110001 (base 2) to base 6
4401225
What is -222b1b (base 12) in base 16?
-84dc7
3172549 (base 11) to base 16
552ae5
What is -b35861 (base 12) in base 15?
-3a756a
5672a78 (base 11) to base 14
1467015
Convert 11011011100000100001 (base 2) to base 13.
25631c
43167 (base 14) to base 6
3250503
105874 (base 10) to base 7
620446
What is 30881 (base 9) in base 6?
234244
Convert 707226 (base 8) to base 15.
4910a
Convert 1010013030 (base 4) to base 2.
1000100000111001100
Convert 455b1 (base 13) to base 9.
212122
Convert -246051 (base 7) to base 11.
-31053
-1010011101110001010 (base 2) to base 3
-122102101211
What is -98c78 (base 13) in base 9?
-461562
1c825 (base 13) to base 11
3933a
What is 34152552 (base 6) in base 11?
651406
-221114142 (base 5) to base 6
-32304302
-1066450 (base 7) to base 2
-100000110011001000
Convert 87ab46 (base 12) to base 3.
11001110201200
What is -36ac41 (base 15) in base 6?
-132042054
-3062092 (base 11) to base 5
-2340432132
What is 303203030 (base 4) in base 2?
110011100011001100
Convert 104116353 (base 7) to base 15.
838d33
What is 130300433 (base 5) in base 14?
12732d
What is 114500154 (base 7) in base 8?
33177227
-101000001000011111001 (base 2) to base 15
-1ae9b0
-155354 (base 6) to base 13
-7078
Convert -58a479 (base 11) to base 9.
-1676272
What is -435b12 (base 13) in base 16?
-182a62
What is -2400641 (base 7) in base 13?
-a7b01
What is -37607020 (base 8) in base 15?
-ae7267
Convert 54ba (base 12) to base 10.
9358
-1893a9 (base 15) to base 6
-41343040
-1102410221 (base 6) to base 13
-2600a34
What is -2e0a74 (base 16) i